et z be a(-4). What is the highest common divisor of 36 and z?
9
Suppose -f = 3*f - 16. Let u be (14/f)/(3/90). Calculate the highest common divisor of 15 and u.
15
Let d(f) = 5*f - 10. Let r be d(4). What is the greatest common factor of r and 25?
5
Let o be (-2 - 2)*(33/(-12) - 4). Let w(k) = k**2 - 2*k + 3. Let j be w(5). Calculate the highest common factor of o and j.
9
Suppose -24 = 4*o + u - 85, -4*u = -20. Let y = 24 - o. What is the highest common factor of 10 and y?
10
Let c be 4/(-20) - (-63)/15. Suppose 0 = -4*b, c*b - b = 5*u - 120. Let j(m) = 3*m**2 + m + 1. Let y be j(-1). Calculate the greatest common factor of y and u.
3
Let k = -26 + 54. Let c = k - -62. Calculate the highest common factor of c and 10.
10
Let v(i) = 9*i. Let z be v(1). Calculate the greatest common divisor of z and 1.
1
Let z be ((-26)/78)/((-2)/(-6)). Let h(w) = 9*w**2 - 3 + 4 + 0. Let s be h(z). Calculate the greatest common divisor of 10 and s.
10
Suppose -3*z - 490 = -3*y - z, 4*z = -3*y + 460. Let d = -17 + y. Calculate the greatest common factor of 13 and d.
13
Let b(o) = -2*o + 2. Let d be b(-4). Suppose 0 = -5*c + y + 3, -4*c - 4*y = c + 12. Let w be 0 + -2 - (-4 + c). What is the highest common factor of w and d?
2
Suppose -3*p = 1 - 7. Suppose 12 = 2*d - 2*j, -24 - 8 = -p*d - 3*j. Calculate the greatest common divisor of d and 5.
5
Suppose -72*c + 96 = -69*c. What is the highest common divisor of 80 and c?
16
Suppose -z + 4*u + 11 = -23, 31 = 4*z + 5*u. What is the highest common factor of 98 and z?
14
Suppose 3*z = r + 32, -50 = -4*z - r + 6*r. Let i = 18 + z. What is the greatest common divisor of i and 7?
7
Suppose -2*l + 3*l = k - 18, -5*l - 4*k - 72 = 0. Let n be (-212)/l - (-2)/(-8). Calculate the highest common divisor of 13 and n.
13
Let a = 72 + -15. What is the greatest common divisor of 38 and a?
19
Let w(j) = j**2 - 4*j - 3. Let d be w(-2). Suppose -2*k + k - d = 0. Let y = k - -25. What is the greatest common divisor of 2 and y?
2
Let i = -26 + 62. Calculate the greatest common divisor of i and 288.
36
Let z = 3 + 3. Let g(l) = 2*l**2 + 5*l - 6. Let n be g(-5). Suppose -a + 47 = -n. Calculate the highest common factor of z and a.
6
Let t(o) = o - 10. Let u be t(10). Suppose u = 6*h - 3*h. Suppose 2*p = -3*v + 2, h*p - 4 = -4*p - 3*v. What is the greatest common factor of 2 and p?
1
Let n be -4*(0/(-4) - 1). Suppose -20 = -5*u + 5*c, n*c - 4 = -2*u + 22. What is the highest common factor of u and 56?
7
Let q be (-10)/(-3 - 80/(-28)). Calculate the greatest common factor of q and 7.
7
Let j = 31 + -10. What is the greatest common divisor of j and 3?
3
Let q(x) = x**3 - 5*x**2 + 1. Let v be q(5). Suppose -37 = -5*b + 4*p, 3*b - 26 = 4*p + v. What is the highest common factor of b and 5?
5
Let r = -9 - -15. Let a(d) = 3*d - r - 4*d + 1. Let j be a(-9). What is the greatest common factor of j and 16?
4
Suppose -35*b - 99 = -38*b. What is the greatest common divisor of b and 3?
3
Let y(l) = -4*l**3 - 2*l + 1. Let s be y(-2). Suppose 3*b + 3*i + 39 = -0*i, 0 = 4*b - 5*i + 34. Let u = s - b. What is the highest common divisor of 6 and u?
6
Suppose 4*p - 3*p + 3*a - 24 = 0, -5*p - a = -92. Let q be (-4)/18 + 274/p. Calculate the highest common factor of q and 10.
5
Let d = -242 + 376. Suppose 0 = -4*n + 218 + d. What is the greatest common divisor of n and 22?
22
Let c(g) = g**2 + 15*g + 12. Let r be c(-15). Calculate the greatest common factor of r and 30.
6
Let z(a) = -6 - 4*a - a + 3. Let p be z(-4). What is the greatest common factor of 187 and p?
17
Suppose -2*t + 74 = 2*r + 2*r, 2*t = -r + 11. Calculate the greatest common divisor of r and 6.
3
Let x = 63 - 47. Calculate the greatest common factor of 8 and x.
8
Let p be -2*(-2)/4*0. Suppose -20 = 5*r - 2*s, 0 = -p*r - 2*r + 4*s + 8. Let j be 28/21 - (-2)/r. Calculate the greatest common divisor of j and 11.
1
Let q be -4 + 15/(-6)*-4. What is the greatest common divisor of q and 18?
6
Suppose -o + 109 = 3*l, -2*o - 3*o + 77 = 2*l. Let g be ((-18)/(-7))/((-18)/(-84)). Calculate the highest common factor of g and l.
12
Let k = -602 - -425. Let t = -73 - k. What is the greatest common factor of t and 13?
13
Suppose -4*u - 2*f + 5 = -49, 5 = -f. Calculate the greatest common divisor of 40 and u.
8
Let s = 299 - 200. What is the highest common factor of s and 11?
11
Let z(r) = 2*r - 6. Let v be z(5). Suppose -4*h = -0 - 12. Suppose o + v*k = 16, h*o + 0*o - 2*k = 6. Calculate the greatest common factor of o and 36.
4
Suppose 4*z - 2*a = 14, 3*a + 3 = -5*z + 15. Calculate the highest common divisor of 24 and z.
3
Suppose 2*n + 0*f - 30 = 2*f, 2*f = -5*n + 75. Let j be (-6)/n - (-114)/10. Let b be 9/6 - (-717)/6. What is the highest common factor of j and b?
11
Suppose 2*b = -0*b - f + 8, 6 = 3*b + 3*f. Suppose n - 5*p - 80 = -4*n, -3*p = -4*n + 63. Calculate the highest common factor of n and b.
3
Let n = 21 - 1. Let d = -831 - -463. Let g = 528 + d. Calculate the greatest common divisor of g and n.
20
Let i = -2 + 4. Suppose 204 = 3*f + i*z, 4*f = f + 3*z + 189. Calculate the greatest common divisor of 6 and f.
6
Let r = 9 - 8. Calculate the greatest common factor of r and 4.
1
Let c = 37 - -23. Calculate the greatest common factor of 20 and c.
20
Let z = 4 - 9. Let l be (z - 0)*(-4)/10. Suppose -5*p = -5, l*v - 4*v - 3*p = -7. What is the greatest common divisor of 5 and v?
1
Let f(h) = -h**3 - 3*h**3 - h + 4*h**2 + 4*h**3 + h**3 - 2. Let u be f(-2). What is the highest common divisor of 24 and u?
8
Suppose -t - 5*d = -40, -4*t - 4*d + 63 = -97. Calculate the greatest common factor of 5 and t.
5
Let n = 12 - -4. What is the greatest common factor of 16 and n?
16
Suppose 0*d - 5*d + 142 = -2*i, 0 = -4*d - 3*i + 132. Calculate the highest common divisor of d and 6.
6
Let j(o) = o**2 - 6*o + 10. Suppose 2*r + 4 = 14. Let x be j(r). What is the greatest common divisor of x and 55?
5
Suppose -p + 5*p = 112. Let i(f) = -2 - 1 - 2*f + 3*f. Let q be i(7). What is the highest common divisor of q and p?
4
Suppose -2*p + 40 = -6*p. Let h(q) = -q. Let d be h(p). Calculate the greatest common divisor of d and 4.
2
Let z(b) = -2*b**3 - 9*b**2 + 4*b + 9. Let s be z(-5). What is the greatest common divisor of s and 126?
14
Suppose l = 4*a + 20 + 58, l - a = 87. Let s(m) = 10*m. Let w be s(1). Calculate the greatest common factor of w and l.
10
Let c(t) = -t**2 - 10*t - 9. Let g be c(-6). Let i = -21 + g. Let s = i - -9. Calculate the greatest common factor of 12 and s.
3
Suppose 0 = -11*h + 6*h + 20. Let s = 346 + -318. What is the highest common factor of h and s?
4
Let p be 34/9 - (-6)/27. Let c = p + -4. Suppose -3*t + 13 = -i, -4*t + t + 2*i + 17 = c. What is the highest common divisor of 15 and t?
3
Suppose 2*l - 4*l = 10. Let d(y) = 2*y - y**3 - 2 + 7 - 4*y**2 - 2. Let p be d(l). Calculate the greatest common divisor of 12 and p.
6
Suppose 12 - 3 = 2*y - 3*r, 0 = -4*r + 12. Suppose -x - 2*n = 23, 3*n - 5 = -2*n. Let z = x + 61. What is the greatest common divisor of y and z?
9
Let v(l) = 2*l**2 + 24*l - 10. Let m be v(-13). Calculate the highest common divisor of m and 136.
8
Suppose 219 = 6*y - 33. Suppose -c + 5*k = -61, -2*c + 4*k - 221 = -5*c. Let i = 134 - c. Calculate the greatest common factor of y and i.
21
Let d = -91 + 379. Calculate the greatest common divisor of d and 18.
18
Let t be -3 - (0 + (0 - 156)). What is the greatest common factor of t and 9?
9
Suppose 2*x + 4*f - 80 = 0, -3*x - 2*x = 5*f - 175. What is the highest common factor of x and 120?
30
Suppose -8 = 3*n - 17. Suppose 0 = n*z - z - 28. Calculate the highest common divisor of z and 126.
14
Let k be (18/8)/(5/240). Let z = -48 - -75. What is the greatest common divisor of k and z?
27
Suppose -4*j - 7 = -i, -3*i + i + 10 = -4*j. Suppose u - i*k = -2 - 3, k - 35 = -3*u. What is the greatest common divisor of 90 and u?
10
Suppose 4 + 0 = 4*x, -18 = -5*t - 3*x. Suppose -11 = -t*o + 2*f, 3*o - 4*f = f + 23. Let n be o - 6*1*-15. What is the greatest common factor of n and 13?
13
Suppose -2*d = -6*d + 180. Calculate the highest common divisor of 18 and d.
9
Let h = 2 + 6. Suppose 7*y - 8*y = -88. What is the greatest common divisor of h and y?
8
Let a = 140 + -77. Calculate the highest common divisor of 9 and a.
9
Let p = -13 - 